4371 + -5?
-213834376
In base 16, what is 1abe2 - 55?
1ab8d
In base 12, what is 5 - 966072?
-966069
In base 10, what is 171 - -48978?
49149
In base 2, what is 100011 - 100100101110001101?
-100100101101101010
In base 2, what is 1000 + 11111011111011111111111010?
11111011111100000000000010
In base 10, what is 10 + 4010077?
4010087
In base 2, what is 10010101011110101111101010101 - -1?
10010101011110101111101010110
In base 14, what is -c - 277d8c?
-277d9a
In base 4, what is 312302302012 + 1000?
312302303012
In base 10, what is -4 + -3934285?
-3934289
In base 6, what is 1343533055 - 45?
1343533010
In base 6, what is -3422353545 - -10?
-3422353535
In base 3, what is -1022121 + -12110100?
-20202221
In base 4, what is -110 - 103202113223?
-103202113333
In base 10, what is 64 - 102994?
-102930
In base 14, what is 9d4dac + 1?
9d4dad
In base 8, what is 715326 + -20?
715306
In base 3, what is 1000101221 + -202201002?
20200212
In base 7, what is -2244234 + 10?
-2244224
In base 2, what is 11010111100011 + 110010000010110?
1001100111111001
In base 6, what is -113 + 40140255?
40140142
In base 2, what is 11110111001001100111 + 100010?
11110111001010001001
In base 12, what is -594a687 - 1?
-594a688
In base 6, what is -1214 + 134501?
133243
In base 3, what is 10121022111202 - 112212?
10121021221220
In base 14, what is 57 + -700d?
-6d96
In base 16, what is -ae8 + 81d?
-2cb
In base 8, what is 5451311 - 2?
5451307
In base 16, what is -434 - 5d73a?
-5db6e
In base 2, what is -10000110011101110000 + -101010011?
-10000110100011000011
In base 7, what is -616 + -5164205?
-5165124
In base 7, what is -4 + -2061366502?
-2061366506
In base 6, what is -23333 + -115343?
-143120
In base 13, what is 2 - 3693208?
-3693206
In base 4, what is 221121310212 - -1?
221121310213
In base 7, what is -5231 - -143425?
135164
In base 5, what is 41101 + 2234331?
2330432
In base 10, what is 614656385 + 4?
614656389
In base 14, what is -3a + 38993a?
389900
In base 10, what is 165993921 - 2?
165993919
In base 12, what is 5a35 + 848?
6681
In base 2, what is 111010001011000101 + 111110000?
111010010010110101
In base 2, what is 1110011100001 + -1101000010101011?
-1011001111001010
In base 12, what is -127024 + -48?
-127070
In base 8, what is -27502 + 1530?
-25752
In base 10, what is -1321 - -25147?
23826
In base 2, what is 1000000000011010110 - 101?
1000000000011010001
In base 15, what is -9 - -5aa28?
5aa1e
In base 7, what is -30534463 - -16?
-30534444
In base 13, what is 103 + -626b?
-6168
In base 4, what is -11210302 + -21332000?
-33202302
In base 14, what is 252992 + -6?
25298a
In base 9, what is 21 + 5561624?
5561645
In base 9, what is -21 + 584354?
584333
In base 2, what is 10 - -1100000111011010001011100110?
1100000111011010001011101000
In base 3, what is -210012202211122120 + -1?
-210012202211122121
In base 2, what is -1001101100100 + 1011110100?
-1000001110000
In base 14, what is -22c + 40206?
3ddb8
In base 12, what is b76 + -9351b?
-92565
In base 6, what is -3133502 + 1334?
-3132124
In base 9, what is 30235 + 507?
30743
In base 16, what is -2f8b5 - -24e?
-2f667
In base 7, what is 4 - -65?
102
In base 13, what is -698104 + -45?
-698149
In base 13, what is -696 - 112c8?
-11991
In base 2, what is -11110001110010 + -1111111111111?
-101110001110001
In base 15, what is -b + 7e2b40e?
7e2b403
In base 2, what is -111101001101100111011101 - -10?
-111101001101100111011011
In base 6, what is 225005 - -314?
225323
In base 2, what is -10010001001111000101101010 - 101?
-10010001001111000101101111
In base 10, what is -32723197 - -2?
-32723195
In base 9, what is 4 - 4028565?
-4028561
In base 3, what is 10022101 - 1011010111?
-1000211010
In base 9, what is 173318642 + 3?
173318645
In base 3, what is -2000120200 - -112002210?
-1111110220
In base 13, what is -a3 + 13996?
138c3
In base 2, what is -11 - -1110100001011000011111?
1110100001011000011100
In base 5, what is 1022133004410 + -1?
1022133004404
In base 5, what is -1 - 4444314342?
-4444314343
In base 13, what is 672b312 - 2?
672b310
In base 3, what is 1001220200 - -2012100?
1011010000
In base 9, what is -64 + -6438527?
-6438602
In base 3, what is -202210020110101 + 11?
-202210020110020
In base 12, what is 73 + 370504?
370577
In base 15, what is 6470 - -726?
6b96
In base 9, what is -342 + 65167?
64725
In base 4, what is 20220210 + -120?
20220030
In base 16, what is 122 + -fbf09?
-fbde7
In base 9, what is 574 + -38387?
-37713
In base 8, what is 7 - 710066?
-710057
In base 6, what is -105110 - -3554?
-101112
In base 9, what is -501402 + -11?
-501413
In base 8, what is -21 - -56334040?
56334017
In base 12, what is -44b7 - 721?
-5018
In base 14, what is b09210c - 4?
b092108
In base 5, what is 4123402 - -3343?
4132300
In base 16, what is 25afd + 51c?
26019
In base 16, what is -5 - b39f7a3?
-b39f7a8
In base 14, what is -b9b + -b66c?
-c429
In base 4, what is 111021323 + 20331?
111102320
In base 5, what is 131 + -1223110332?
-1223110201
In base 7, what is -361256062 + 0?
-361256062
In base 12, what is -833bb - 0?
-833bb
In base 16, what is -f275 - eb4?
-10129
In base 16, what is -61c4 - 38b?
-654f
In base 4, what is 132212 - 13323302?
-13131030
In base 5, what is 1013104 - -303212?
1321321
In base 4, what is -1203311200 - -1?
-1203311133
In base 12, what is -10637355 - -2?
-10637353
In base 16, what is -1eb9 + 1050?
-e69
In base 2, what is -11 - -1001101100011010101101011010?
1001101100011010101101010111
In base 4, what is -1233 - -12123203?
12121310
In base 7, what is 31244 + 12?
31256
In base 7, what is 554314 + -540?
553444
In base 16, what is 5e6 + -755?
-16f
In base 16, what is -80c - -d047?
c83b
In base 12, what is -a7 - -450a?
4423
In base 15, what is -1a3750 + -120?
-1a3870
In base 7, what is 12201 - 656?
11212
In base 16, what is -12de2 - 3d6?
-131b8
In base 8, what is 3 + -35240352?
-35240347
In base 14, what is 2 + -16b796?
-16b794
In base 15, what is 30ade - -164?
30c53
In base 5, what is -113214 + -113331?
-232100
In base 2, what is -10011 - 111100000001110101101110?
-111100000001110110000001
In base 12, what is 3 + -1007760?
-1007759
In base 7, what is -34 - -314543125?
314543061
In base 11, what is 118146 + -1558?
116699
In base 3, what is -10200100 + 110220121?
100020021
In base 6, what is 122541411 - -4?
122541415
In base 2, what is -101000 + -1000011001111000110?
-1000011001111101110
In base 9, what is -107003 + 65?
-106827
In base 5, what is 0 + 111434244204?
111434244204
In base 5, what is -1132040 - 34003?
-1221043
In base 16, what is -5c3e - 160a?
-7248
In base 9, what is -12885100 + 1?
-12885088
In base 9, what is 218 + -34628?
-34410
In base 15, what is 4c + 2a38cd?
2a392a
In base 4, what is -3 + 112203200102002?
112203200101333
In base 6, what is 11 - 22235113?
-22235102
In base 7, what is 136 + 121321?
121460
In base 3, what is 21110102211102 - 22?
21110102211010
In base 3, what is 12211011220110 - -21?
12211011220201
In base 10, what is 33285 + 12153?
45438
In base 3, what is 1110010010100 - -102?
1110010010202
In base 2, what is 0 - -10000001010110111110111?
10000001010110111110111
In base 4, what is -3311 + 2211233220?
2211223303
In base 11, what is 5 + 46563883?
46563888
In base 11, what is -2 + -246386?
-246388
In base 3, what is -2201102111 + 102210?
-2200222201
In base 4, what is 202233 - -22223?
231122
In base 2, what is -100011011111011011000010 - 0?
-100011011111011011000010
In base 10, what is 223697413 + 0?
223697413
In base 2, what is 110110101 - 11101100000011?
-11100101001110
In base 15, what is -1413cd50 + -1?
-1413cd51
In base 9, what is -21534 + 25802?
4257
In base 12, what is 3a - 4493aa7?
-4493a69
In base 8, what is -4 - -24031523?
24031517
In base 16, what is 2 - 1ed1d1e?
-1ed1d1c
In base 15, what is -26ccc9 - 31?
-26cd0a
In base 15, what is 5db8 + -3cd8?
20d0
In base 15, what is 182409 + 5?
18240e
In base 14, what is -955617 - 14d?
-955766
In base 14, what is 333b5ab9 + -4?
333b5ab5
In base 13, what is 20c67 - -206?
21170
In base 8, what is 300 - 47530?
-47230
In base 9, what is -3 + 1475305?
1475302
In base 6, what is 452001 - 50252?
401305
In base 9, what is 3 - -3532070?
3532073
In base 4, what is 323121010 + 1032?
323122102
In base 16, what is -957c7 - 13?
-957da
In base 6, what is 3 + 253550305?
253550312
